{"id":30,"date":"2021-04-13T15:55:08","date_gmt":"2021-04-13T13:55:08","guid":{"rendered":"https:\/\/kidscourage.de\/?page_id=30"},"modified":"2022-04-14T14:57:07","modified_gmt":"2022-04-14T12:57:07","slug":"kidscourage-fuer-paedagoginnen","status":"publish","type":"page","link":"https:\/\/www.kidscourage.de\/index.php\/kidscourage-fuer-paedagoginnen\/","title":{"rendered":"f\u00fcr P\u00e4dagog*innen"},"content":{"rendered":"\n<h1 class=\"wp-block-heading\">KidsCourage f\u00fcr P\u00e4dagog*innen<\/h1>\n\n\n\n<p>Willkommen auf unserer Webseite f\u00fcr P\u00e4dagog*innen! Damit meinen wir das p\u00e4dagogische Fachpersonal an den Grundschulen, in offenen Kinder- und Jugendfreizeiteinrichtungen und freie Bildungsarbeiter*innen, die sich f\u00fcr unser Angebot interessieren.<\/p>\n\n\n\n<p>Hier findest Du Informationen zu unserem Projekt, zu unseren Projekttagen und vieles mehr.<\/p>\n\n\n\n<p>Wir w\u00fcnschen Dir viel Spa\u00df beim st\u00f6bern.<\/p>\n\n\n\n<figure class=\"wp-block-image size-large\"><img loading=\"lazy\" decoding=\"async\" width=\"1024\" height=\"14\" src=\"https:\/\/kidscourage.de\/wp-content\/uploads\/2021\/05\/divider_tabelle_2-1024x14.png\" alt=\"\" class=\"wp-image-635\" srcset=\"https:\/\/www.kidscourage.de\/wp-content\/uploads\/2021\/05\/divider_tabelle_2-1024x14.png 1024w, https:\/\/www.kidscourage.de\/wp-content\/uploads\/2021\/05\/divider_tabelle_2-300x4.png 300w, https:\/\/www.kidscourage.de\/wp-content\/uploads\/2021\/05\/divider_tabelle_2-768x10.png 768w, https:\/\/www.kidscourage.de\/wp-content\/uploads\/2021\/05\/divider_tabelle_2-1536x20.png 1536w, https:\/\/www.kidscourage.de\/wp-content\/uploads\/2021\/05\/divider_tabelle_2-2048x27.png 2048w\" sizes=\"auto, (max-width: 1024px) 100vw, 1024px\" \/><\/figure>\n\n\n\n<h4 class=\"wp-block-heading\">\u00dcber KidsCourage<\/h4>\n\n\n\n<div class=\"wp-block-image\"><figure class=\"aligncenter size-large is-resized\"><img loading=\"lazy\" decoding=\"async\" src=\"https:\/\/www.kidscourage.de\/wp-content\/uploads\/2022\/04\/191218-illu-projektteam_2-edited-1024x640.jpg\" alt=\"\" class=\"wp-image-1091\" width=\"446\" height=\"279\" srcset=\"https:\/\/www.kidscourage.de\/wp-content\/uploads\/2022\/04\/191218-illu-projektteam_2-edited-1024x640.jpg 1024w, https:\/\/www.kidscourage.de\/wp-content\/uploads\/2022\/04\/191218-illu-projektteam_2-edited-300x188.jpg 300w, https:\/\/www.kidscourage.de\/wp-content\/uploads\/2022\/04\/191218-illu-projektteam_2-edited-768x480.jpg 768w, https:\/\/www.kidscourage.de\/wp-content\/uploads\/2022\/04\/191218-illu-projektteam_2-edited-1536x960.jpg 1536w, https:\/\/www.kidscourage.de\/wp-content\/uploads\/2022\/04\/191218-illu-projektteam_2-edited.jpg 1684w\" sizes=\"auto, (max-width: 446px) 100vw, 446px\" \/><\/figure><\/div>\n\n\n\n<p>KidsCourage ist&#8230;<\/p>\n\n\n\n<ul class=\"wp-block-list\"><li>ein&nbsp;kostenloses Angebot der au\u00dferschulischen Jugendbildung im Netzwerk f\u00fcr Demokratie und Courage.<\/li><li>KidsCourage setzt sich f\u00fcr die&nbsp;<strong>Bekanntmachung und Umsetzung der Kinderrechte<\/strong>&nbsp;ein. Als Grundlegend f\u00fcr die Umsetzung der Kinderrechte erachten wir das&nbsp;<strong>Recht auf die Gleichbehandlung aller Kinder<\/strong>. Unser Ziel ist es verschiedene Formen von Diskriminierung, deren Funktion und deren Konsequenzen schon in der Grundschule zu benennen, um ihre Abschaffung zu erreichen.<\/li><li>KidsCourage lebt vom ehrenamtlichen Engagement der Mitglieder und Teamer*innen der&nbsp;<strong>Sozialistischen Jugend \u2013 Die Falken Berlin<\/strong>.<\/li><\/ul>\n\n\n\n<div class=\"wp-block-buttons is-layout-flex wp-block-buttons-is-layout-flex\">\n<div class=\"wp-block-button is-style-outline is-style-outline--1\"><a class=\"wp-block-button__link\" href=\"\u00dcber KidsCourage\">weiterlesen<\/a><\/div>\n<\/div>\n\n\n\n<p><\/p>\n\n\n\n<figure class=\"wp-block-image size-large\"><img loading=\"lazy\" decoding=\"async\" width=\"1024\" height=\"14\" src=\"https:\/\/kidscourage.de\/wp-content\/uploads\/2021\/05\/divider_tabelle_2-1024x14.png\" alt=\"\" class=\"wp-image-635\" srcset=\"https:\/\/www.kidscourage.de\/wp-content\/uploads\/2021\/05\/divider_tabelle_2-1024x14.png 1024w, https:\/\/www.kidscourage.de\/wp-content\/uploads\/2021\/05\/divider_tabelle_2-300x4.png 300w, https:\/\/www.kidscourage.de\/wp-content\/uploads\/2021\/05\/divider_tabelle_2-768x10.png 768w, https:\/\/www.kidscourage.de\/wp-content\/uploads\/2021\/05\/divider_tabelle_2-1536x20.png 1536w, https:\/\/www.kidscourage.de\/wp-content\/uploads\/2021\/05\/divider_tabelle_2-2048x27.png 2048w\" sizes=\"auto, (max-width: 1024px) 100vw, 1024px\" \/><\/figure>\n\n\n\n<h4 class=\"wp-block-heading\">KidsCourage kommt in Deine Klasse!<\/h4>\n\n\n\n<p>Unsere Projekttage vermitteln den Grundsch\u00fcler*innen ihre Kinderrechte, wobei aber ihr besonderes Recht auf Nichtdiskriminierung (Artikel 2, UN-Kinderrechtskonvention) im Fokus steht. Die Projekttage best\u00e4rken die Kinder in ihrem&nbsp;<strong>Selbstbewusstsein<\/strong>, regen dazu an,&nbsp;<strong>Respekt f\u00fcr Vielfalt<\/strong>&nbsp;zu entwickeln, sensibilisieren sie f\u00fcr&nbsp;<strong>eigenes vorurteilsbehaftetes und diskriminierendes Verhalten&nbsp;<\/strong>und motivieren sie,&nbsp;<strong>gegen gesellschaftliche Ungleichbehandlung aktiv<\/strong>&nbsp;zu werden.<\/p>\n\n\n\n<div class=\"wp-block-buttons is-layout-flex wp-block-buttons-is-layout-flex\">\n<div class=\"wp-block-button is-style-outline is-style-outline--2\"><a class=\"wp-block-button__link\">weiterlesen<\/a><\/div>\n<\/div>\n\n\n\n<p><\/p>\n\n\n\n<figure class=\"wp-block-image size-large\"><img loading=\"lazy\" decoding=\"async\" width=\"1024\" height=\"14\" src=\"https:\/\/kidscourage.de\/wp-content\/uploads\/2021\/05\/divider_tabelle_2-1024x14.png\" alt=\"\" class=\"wp-image-635\" srcset=\"https:\/\/www.kidscourage.de\/wp-content\/uploads\/2021\/05\/divider_tabelle_2-1024x14.png 1024w, https:\/\/www.kidscourage.de\/wp-content\/uploads\/2021\/05\/divider_tabelle_2-300x4.png 300w, https:\/\/www.kidscourage.de\/wp-content\/uploads\/2021\/05\/divider_tabelle_2-768x10.png 768w, https:\/\/www.kidscourage.de\/wp-content\/uploads\/2021\/05\/divider_tabelle_2-1536x20.png 1536w, https:\/\/www.kidscourage.de\/wp-content\/uploads\/2021\/05\/divider_tabelle_2-2048x27.png 2048w\" sizes=\"auto, (max-width: 1024px) 100vw, 1024px\" \/><\/figure>\n\n\n\n<h4 class=\"wp-block-heading\">Publikationen<\/h4>\n\n\n\n<p>In Deiner Klasse gab ein einen Fall von Diskriminierung und Du wei\u00dft nicht, wo du dich hinwenden kannst? Du m\u00f6chtest gerne zum Themenfeld Kinderrechte &amp; Antidiskriminierung mit deinen Sch\u00fcler*innen arbeiten, wei\u00dft aber nicht genau, welche Methoden es gibt?<\/p>\n\n\n\n\t\t\t<div class=\"wp-block-uagb-post-masonry uagb-post-grid  uagb-post__image-position-top uagb-post__image-enabled uagb-block-549223ba     uagb-post__items uagb-post__columns-3 is-masonry uagb-post__columns-tablet-2 uagb-post__columns-mobile-1\" data-total=\"3\" style=\"\">\n\n\t\t\t\t\t\t\t\t\t\t\t\t<article class=\"uagb-post__inner-wrap\">\t\t\t\t\t\t\t\t<div class='uagb-post__image'>\n\t\t\t\t\t\t\t\t\t<a href=\"https:\/\/www.kidscourage.de\/index.php\/2022\/04\/14\/ansprechpartnerin-fachstelle-kinderwelten-2\/\" target=\"_self\" rel=\"bookmark noopener noreferrer\"><img loading=\"lazy\" decoding=\"async\" width=\"1000\" height=\"400\" src=\"https:\/\/www.kidscourage.de\/wp-content\/uploads\/2022\/04\/22_04_06_post_header14.png\" class=\"attachment-large size-large\" alt=\"\" srcset=\"https:\/\/www.kidscourage.de\/wp-content\/uploads\/2022\/04\/22_04_06_post_header14.png 1000w, https:\/\/www.kidscourage.de\/wp-content\/uploads\/2022\/04\/22_04_06_post_header14-300x120.png 300w, https:\/\/www.kidscourage.de\/wp-content\/uploads\/2022\/04\/22_04_06_post_header14-768x307.png 768w\" sizes=\"auto, (max-width: 1000px) 100vw, 1000px\" \/>\t\t\t\t\t<\/a>\n\t\t\t\t\t\t\t\t\t<\/div>\n\t\t\t\t\t\t<h6 class=\"uagb-post__title uagb-post__text\">\n\t\t\t\t<a href=\"https:\/\/www.kidscourage.de\/index.php\/2022\/04\/14\/ansprechpartnerin-fachstelle-kinderwelten-2\/\" target=\"_self\" rel=\"bookmark noopener noreferrer\">Ansprechpartner*in: Fachstelle Kinderwelten<\/a>\n\t\t\t<\/h6>\n\t\t\t\t\t\t<div class='uagb-post__text uagb-post-grid-byline'>\n\t\t\t\t\t\t\t<\/div>\n\t\t\t\t\t\t\t<div class='uagb-post__text uagb-post__excerpt'>\n\t\t\t\t\t<p>Die Fachstelle Kinderwelten f\u00fcr Vourteilsbeuwusste Bildung und Erziehung bietet verschiedene Fortbildungen und\u00a0Qualifizierungen zur Vorurteilsbewussten Bildung&#8230;\t\t\t\t<\/div>\n\t\t\t\t\t\t<div class=\"uagb-post__text uagb-post__cta wp-block-button\">\n\t\t\t\t<a class=\"wp-block-button__link uagb-text-link\" style=\"\" href=\"https:\/\/www.kidscourage.de\/index.php\/2022\/04\/14\/ansprechpartnerin-fachstelle-kinderwelten-2\/\" target=\"_self\" rel=\"bookmark noopener noreferrer\">Weiterlesen<\/a>\n\t\t\t<\/div>\n\t\t\t\n\t\t\t\t\t\t\t\t\t<\/article>\n\t\t\t\t\t\t\t\t\t\t\t\t\t\t\t\t<article class=\"uagb-post__inner-wrap\">\t\t\t\t\t\t\t\t<div class='uagb-post__image'>\n\t\t\t\t\t\t\t\t\t<a href=\"https:\/\/www.kidscourage.de\/index.php\/2022\/04\/14\/rassismuskritischer-leitfaden\/\" target=\"_self\" rel=\"bookmark noopener noreferrer\"><img loading=\"lazy\" decoding=\"async\" width=\"1000\" height=\"400\" src=\"https:\/\/www.kidscourage.de\/wp-content\/uploads\/2022\/02\/22_13_16_post_header2.png\" class=\"attachment-large size-large\" alt=\"\" srcset=\"https:\/\/www.kidscourage.de\/wp-content\/uploads\/2022\/02\/22_13_16_post_header2.png 1000w, https:\/\/www.kidscourage.de\/wp-content\/uploads\/2022\/02\/22_13_16_post_header2-300x120.png 300w, https:\/\/www.kidscourage.de\/wp-content\/uploads\/2022\/02\/22_13_16_post_header2-768x307.png 768w\" sizes=\"auto, (max-width: 1000px) 100vw, 1000px\" \/>\t\t\t\t\t<\/a>\n\t\t\t\t\t\t\t\t\t<\/div>\n\t\t\t\t\t\t<h6 class=\"uagb-post__title uagb-post__text\">\n\t\t\t\t<a href=\"https:\/\/www.kidscourage.de\/index.php\/2022\/04\/14\/rassismuskritischer-leitfaden\/\" target=\"_self\" rel=\"bookmark noopener noreferrer\">Publikation: Rassismuskritischer Leitfaden<\/a>\n\t\t\t<\/h6>\n\t\t\t\t\t\t<div class='uagb-post__text uagb-post-grid-byline'>\n\t\t\t\t\t\t\t<\/div>\n\t\t\t\t\t\t\t<div class='uagb-post__text uagb-post__excerpt'>\n\t\t\t\t\t<p>Der Rassismuskritische Leitfaden gibt eine gute Hilfestellung, um in bestehenden didaktischen Lehr- und Lernmaterialien rassistsiches&#8230;\t\t\t\t<\/div>\n\t\t\t\t\t\t<div class=\"uagb-post__text uagb-post__cta wp-block-button\">\n\t\t\t\t<a class=\"wp-block-button__link uagb-text-link\" style=\"\" href=\"https:\/\/www.kidscourage.de\/index.php\/2022\/04\/14\/rassismuskritischer-leitfaden\/\" target=\"_self\" rel=\"bookmark noopener noreferrer\">Weiterlesen<\/a>\n\t\t\t<\/div>\n\t\t\t\n\t\t\t\t\t\t\t\t\t<\/article>\n\t\t\t\t\t\t\t\t\t\t\t\t\t\t\t\t<article class=\"uagb-post__inner-wrap\">\t\t\t\t\t\t\t\t<div class='uagb-post__image'>\n\t\t\t\t\t\t\t\t\t<a href=\"https:\/\/www.kidscourage.de\/index.php\/2022\/04\/14\/glokal-e-v\/\" target=\"_self\" rel=\"bookmark noopener noreferrer\"><img loading=\"lazy\" decoding=\"async\" width=\"1000\" height=\"400\" src=\"https:\/\/www.kidscourage.de\/wp-content\/uploads\/2022\/04\/22_04_06_post_header4.png\" class=\"attachment-large size-large\" alt=\"\" srcset=\"https:\/\/www.kidscourage.de\/wp-content\/uploads\/2022\/04\/22_04_06_post_header4.png 1000w, https:\/\/www.kidscourage.de\/wp-content\/uploads\/2022\/04\/22_04_06_post_header4-300x120.png 300w, https:\/\/www.kidscourage.de\/wp-content\/uploads\/2022\/04\/22_04_06_post_header4-768x307.png 768w\" sizes=\"auto, (max-width: 1000px) 100vw, 1000px\" \/>\t\t\t\t\t<\/a>\n\t\t\t\t\t\t\t\t\t<\/div>\n\t\t\t\t\t\t<h6 class=\"uagb-post__title uagb-post__text\">\n\t\t\t\t<a href=\"https:\/\/www.kidscourage.de\/index.php\/2022\/04\/14\/glokal-e-v\/\" target=\"_self\" rel=\"bookmark noopener noreferrer\">Ansprechpartner*in: glokal e.V.<\/a>\n\t\t\t<\/h6>\n\t\t\t\t\t\t<div class='uagb-post__text uagb-post-grid-byline'>\n\t\t\t\t\t\t\t<\/div>\n\t\t\t\t\t\t\t<div class='uagb-post__text uagb-post__excerpt'>\n\t\t\t\t\t<p>Machtkritische Bildungsarbeit-Beratung und Fortbildung Glokal e.V. ist ein Berliner Verein f\u00fcr machtkritische Bildungsarbeit, der seit&#8230;\t\t\t\t<\/div>\n\t\t\t\t\t\t<div class=\"uagb-post__text uagb-post__cta wp-block-button\">\n\t\t\t\t<a class=\"wp-block-button__link uagb-text-link\" style=\"\" href=\"https:\/\/www.kidscourage.de\/index.php\/2022\/04\/14\/glokal-e-v\/\" target=\"_self\" rel=\"bookmark noopener noreferrer\">Weiterlesen<\/a>\n\t\t\t<\/div>\n\t\t\t\n\t\t\t\t\t\t\t\t\t<\/article>\n\t\t\t\t\t\t\t\t\t\t\t<\/div>\n\t\t\t\n\n\n<div class=\"wp-block-buttons is-layout-flex wp-block-buttons-is-layout-flex\">\n<div class=\"wp-block-button is-style-outline is-style-outline--3\"><a class=\"wp-block-button__link\" href=\"https:\/\/kidscourage.de\/index.php\/publikationen-ansprechpartnerinnen\/\">zu allen Ansprechpartner*innen und Publikationen<\/a><\/div>\n<\/div>\n\n\n\n<p><\/p>\n","protected":false},"excerpt":{"rendered":"<p>KidsCourage f\u00fcr P\u00e4dagog*innen Willkommen auf unserer Webseite f\u00fcr P\u00e4dagog*innen! Damit meinen wir das p\u00e4dagogische Fachpersonal an den Grundschulen, in offenen Kinder- und Jugendfreizeiteinrichtungen und freie Bildungsarbeiter*innen, die sich f\u00fcr unser Angebot interessieren. Hier findest Du Informationen zu unserem Projekt, zu unseren Projekttagen und vieles mehr. Wir w\u00fcnschen Dir viel Spa\u00df beim st\u00f6bern. \u00dcber KidsCourage KidsCourage [&hellip;]<\/p>\n","protected":false},"author":2,"featured_media":0,"parent":0,"menu_order":0,"comment_status":"closed","ping_status":"closed","template":"","meta":{"_uag_custom_page_level_css":"","footnotes":""},"class_list":["post-30","page","type-page","status-publish","hentry","entry"],"uagb_featured_image_src":{"full":false,"thumbnail":false,"medium":false,"medium_large":false,"large":false,"1536x1536":false,"2048x2048":false,"ocean-thumb-m":false,"ocean-thumb-ml":false,"ocean-thumb-l":false},"uagb_author_info":{"display_name":"courage-admin","author_link":"https:\/\/www.kidscourage.de\/index.php\/author\/courage-admin\/"},"uagb_comment_info":0,"uagb_excerpt":"KidsCourage f\u00fcr P\u00e4dagog*innen Willkommen auf unserer Webseite f\u00fcr P\u00e4dagog*innen! Damit meinen wir das p\u00e4dagogische Fachpersonal an den Grundschulen, in offenen Kinder- und Jugendfreizeiteinrichtungen und freie Bildungsarbeiter*innen, die sich f\u00fcr unser Angebot interessieren. Hier findest Du Informationen zu unserem Projekt, zu unseren Projekttagen und vieles mehr. Wir w\u00fcnschen Dir viel Spa\u00df beim st\u00f6bern. \u00dcber KidsCourage KidsCourage&hellip;","_links":{"self":[{"href":"https:\/\/www.kidscourage.de\/index.php\/wp-json\/wp\/v2\/pages\/30","targetHints":{"allow":["GET"]}}],"collection":[{"href":"https:\/\/www.kidscourage.de\/index.php\/wp-json\/wp\/v2\/pages"}],"about":[{"href":"https:\/\/www.kidscourage.de\/index.php\/wp-json\/wp\/v2\/types\/page"}],"author":[{"embeddable":true,"href":"https:\/\/www.kidscourage.de\/index.php\/wp-json\/wp\/v2\/users\/2"}],"replies":[{"embeddable":true,"href":"https:\/\/www.kidscourage.de\/index.php\/wp-json\/wp\/v2\/comments?post=30"}],"version-history":[{"count":5,"href":"https:\/\/www.kidscourage.de\/index.php\/wp-json\/wp\/v2\/pages\/30\/revisions"}],"predecessor-version":[{"id":1588,"href":"https:\/\/www.kidscourage.de\/index.php\/wp-json\/wp\/v2\/pages\/30\/revisions\/1588"}],"wp:attachment":[{"href":"https:\/\/www.kidscourage.de\/index.php\/wp-json\/wp\/v2\/media?parent=30"}],"curies":[{"name":"wp","href":"https:\/\/api.w.org\/{rel}","templated":true}]}}